2c?
b35
In base 7, what is 406411 - 4?
406404
In base 5, what is -213123 - -12?
-213111
In base 9, what is -475403 - 30?
-475433
In base 13, what is -272c94 - -2?
-272c92
In base 7, what is -2043123 - 26?
-2043152
In base 11, what is 406a060 + 4?
406a064
In base 13, what is 15c90 + 1b?
15cab
In base 13, what is 4077 + 38?
40b2
In base 5, what is -1433 + 210?
-1223
In base 7, what is 1643 - 4?
1636
In base 10, what is 783 - -1?
784
In base 15, what is 2 - 24a?
-248
In base 9, what is 27146 + 1?
27147
In base 3, what is -11 + 1211010110?
1211010022
In base 6, what is -2135010 + -3?
-2135013
In base 10, what is 4487 - -1?
4488
In base 16, what is -2 + 118b0?
118ae
In base 3, what is -22 - 1102120011?
-1102120110
In base 6, what is -14300 + -434?
-15134
In base 11, what is 1 + 216202?
216203
In base 4, what is 112 - -20202121?
20202233
In base 11, what is -3 + -1a18a?
-1a192
In base 12, what is -1 - 17b78?
-17b79
In base 2, what is 10001 + -11000101?
-10110100
In base 8, what is -17740 - 5?
-17745
In base 7, what is 51 + 125?
206
In base 15, what is -203b6 - -9?
-203ac
In base 2, what is -11100 + -10110000101111?
-10110001001011
In base 11, what is 6807 + 4?
6810
In base 8, what is 2 + 120500?
120502
In base 7, what is -150021 + -4?
-150025
In base 2, what is -101 + 10110101011111001?
10110101011110100
In base 10, what is -2165 - -11?
-2154
In base 13, what is 11 + -1bc5?
-1bb4
In base 7, what is -3 + 1155323?
1155320
In base 3, what is 21122012222 - 210?
21122012012
In base 5, what is 3004230231 - 10?
3004230221
In base 13, what is -2a63 + -8?
-2a6b
In base 13, what is -9 + -21490?
-21499
In base 7, what is -1140 - -416?
-421
In base 2, what is -1101101110111000 - -1?
-1101101110110111
In base 8, what is -5 + 1474300?
1474273
In base 14, what is 2a6 + 29a?
562
In base 2, what is 11000 - 11000100111010?
-11000100100010
In base 10, what is 4 + 345800?
345804
In base 2, what is -101 + -10111100101?
-10111101010
In base 10, what is 4 - 409872?
-409868
In base 6, what is 42 + 243244?
243330
In base 16, what is 2e2 + 1c?
2fe
In base 4, what is -10233 - 3321?
-20220
In base 12, what is 46 - -780?
806
In base 2, what is -101101111101 + 11?
-101101111010
In base 2, what is 1010101100101 + 1110?
1010101110011
In base 16, what is -2745 - b4?
-27f9
In base 6, what is 1541 + 2423?
4404
In base 12, what is 100 + -199?
-99
In base 6, what is -4332 + 34?
-4254
In base 3, what is 100002100 - -10?
100002110
In base 11, what is -3 - -40089?
40086
In base 14, what is -c9 + -763?
-84c
In base 7, what is -26360 - -1?
-26356
In base 2, what is 101 + -1001110100?
-1001101111
In base 11, what is 0 + 20a315?
20a315
In base 15, what is 171 + 207?
378
In base 13, what is -141101 + -2?
-141103
In base 3, what is -10022000 - -12?
-10021211
In base 2, what is 101 + 1010111110111010?
1010111110111111
In base 6, what is 10412 + 20?
10432
In base 5, what is -4120 + 400?
-3220
In base 10, what is 796 + 8734?
9530
In base 14, what is -9 + -57dd?
-5808
In base 12, what is -5aa58 - 6?
-5aa62
In base 11, what is 5404 - -27?
5430
In base 8, what is -36222 + -140?
-36362
In base 14, what is 13d - 223?
-c4
In base 12, what is 86 - 58?
2a
In base 6, what is -4 + 120545?
120541
In base 10, what is 2 - -116849?
116851
In base 6, what is 432 + -44115?
-43243
In base 4, what is 1132013230 + -11?
1132013213
In base 3, what is 22202 - 121120?
-21211
In base 2, what is -1001100111010010 + 1100?
-1001100111000110
In base 7, what is -2 + -15322?
-15324
In base 3, what is 11212 - -100020?
112002
In base 11, what is -9 - 2395?
-23a3
In base 13, what is 16 - -383?
399
In base 12, what is -b2 + -a6b?
-b61
In base 8, what is -27 - 44561?
-44610
In base 9, what is -5 - 8872?
-8877
In base 2, what is 101001111 - -100?
101010011
In base 5, what is 133221400 - -10?
133221410
In base 8, what is -40472 + -7?
-40501
In base 9, what is -74 + -124130?
-124214
In base 8, what is -37540 - 0?
-37540
In base 2, what is 11 - 1011100111010000010?
-1011100111001111111
In base 10, what is 5 - -170248?
170253
In base 3, what is 2 + 110120111112?
110120111121
In base 3, what is -1 - -11021121001?
11021121000
In base 11, what is 2 - 804967?
-804965
In base 10, what is -167 - -415?
248
In base 3, what is 2011220020 + 0?
2011220020
In base 6, what is 23440522 + -1?
23440521
In base 6, what is -2051 + -210?
-2301
In base 9, what is 4 + 207402?
207406
In base 16, what is -1 - -24b?
24a
In base 7, what is 131601 - 12?
131556
In base 3, what is 1 - -120221122100?
120221122101
In base 16, what is -1a2 - 2d?
-1cf
In base 2, what is 111 - 11110110011101?
-11110110010110
In base 4, what is 33 + -203203?
-203110
In base 7, what is 1535466 - -2?
1535501
In base 12, what is 4 + 2862b?
28633
In base 2, what is 111 - 101011011001110?
-101011011000111
In base 16, what is 9 + 1706?
170f
In base 2, what is -1001100000101001 + -111?
-1001100000110000
In base 8, what is -2 + -15750?
-15752
In base 14, what is 1d + -9487?
-9468
In base 11, what is -1a01 - 14?
-1a15
In base 6, what is -11025554 + -5?
-11030003
In base 14, what is 3b63 - 26?
3b3b
In base 15, what is 1 - -1b39d?
1b39e
In base 10, what is 64 - 466?
-402
In base 3, what is -1120 + -1022111?
-1101001
In base 10, what is 1273 + 1?
1274
In base 11, what is -297 - 337?
-623
In base 9, what is 465 + 2?
467
In base 6, what is -12 + 101135?
101123
In base 9, what is 11826 - -11?
11837
In base 16, what is 5 + 9d2?
9d7
In base 7, what is 23040 - -12?
23052
In base 6, what is 13144 + -31?
13113
In base 2, what is 1 + 1110010110011?
1110010110100
In base 16, what is -86135 - 1?
-86136
In base 3, what is 120102 + 101210?
222012
In base 12, what is 37610 - 6?
37606
In base 10, what is 113 + 2870?
2983
In base 5, what is 0 - 20414?
-20414
In base 11, what is 448 + -620?
-183
In base 9, what is 0 + 1154117?
1154117
In base 13, what is -4 - -58c97?
58c93
In base 15, what is -22 + 5687?
5665
In base 3, what is 11122010 - 20?
11121220
In base 8, what is 2077 + -1457?
420
In base 3, what is 1012002000211 - -11?
1012002000222
In base 2, what is 1 + -111000011001010?
-111000011001001
In base 7, what is -2 - -320065?
320063
In base 9, what is -51818 + -5?
-51824
In base 12, what is 1989b - 2?
19899
In base 3, what is 12 - 1210002211221?
-1210002211202
In base 14, what is 88 - 425?
-37b
In base 8, what is -45070 - 0?
-45070
In base 7, what is -3 + 21122?
21116
In base 13, what is -9 - 1576?
-1582
In base 12, what is 35b178 - 1?
35b177
In base 15, what is -5 - 4466?
-446b
In base 11, what is 7a - 2248?
-2179
In base 10, what is -24 + -47996?
-48020
In base 13, what is -2 + -a63a?
-a63c
In base 3, what is -22 + -21011002?
-21011101
In base 16, what is -31 - f1?
-122
In base 10, what is -40 - 2820?
-2860
In base 11, what is 5a0a + 1?
5a10
In base 8, what is 2 - 146256?
-146254
In base 10, what is 2455 + -189?
2266
In base 12, what is -9807 + -7?
-9812
In base 6, what is 11133321 + -5?
11133312
In base 4, what is 3133 - -10031?
13230
In base 8, what is 210 + 1571?
2001
In base 11, what is -4389 + a?
-437a
In base 8, what is -1 + 5722?
5721
In base 6, what is 4 + -3232?
-3224
In base 13, what is 2a45 + 2?
2a47
In base 14, what is -20b - -169?
-82
In base 13, what is -2758 + -25?
-2780
In base 4, what is 20 - 3123?
-3103
In base 6, what is -245314545 - -1?
-245314544
In base 5, what is -1111 - 43431?
-100042
In base 14, what is 3 + -7d2?
-7cd
In base 2, what is -1110 - -10001100010110110?
10001100010101000
In base 16, what is 273dd - 1?
273dc
In base 7, what is 5 - -300141?
300146
In base 2, what is 1 - -100000001?
100000010
In base 10, what is 155734 + -3?
155731
In base 7, what is 2034 + 6361?
11425
In base 4, what is 20310321133 - 0?
20310321133
In base 14, what is 4 + -5bcb?
-5bc7
In base 15, what is 1 + 127db2?
127db3
In base 9, what is 2523 + 240?
2763
In base 11, what is 0 + 8749?
8749
In base 8, what is 4546124 - 0?
4546124
In base 2, what is 1100001000011101 + 0?
1100001000011101
In base 16, what is 128 + 134?
25c
In base 10, what is -2 + -12218?
-12220
In base 10, what is 0 + 233842?
233842
In base 5, what is -13310144 + 10?
-13310134
In base 13, what is 1ab2 - 91?
1a21
In base 4, what is 2211012 - 3?
2211003
In base 8, what is 56046 + -1?
56045
In base 6, what is -314 + -3025?
-3343
In base 4,